i(-2).
25
Let y(v) = -224*v**2 + 80*v + 415. Let a(d) = -69*d**2 + 26*d + 138. Let c(x) = -13*a(x) + 4*y(x). What is c(23)?
-19
Let d(o) be the second derivative of -o**8/3360 + o**6/360 + o**5/120 - o**4/6 + 32*o**3/3 + 32*o. Let f(y) be the third derivative of d(y). What is f(-2)?
13
Let q(w) = 5 + 8 + 2*w**2 + w**3 - 12 - 3*w**2. Suppose f = -2*j + 4, 12 - 20 = -2*j - 3*f. Give q(j).
1
Let t be -8*(98/(-8) - -5). Let g(c) = 30 - t + 38*c**2 + 29. Give g(1).
39
Let m(l) be the first derivative of -l**4/4 + 19*l**3/3 + 19*l**2/2 + 2*l - 379. Give m(20).
-18
Suppose 0*u = u + 2*k - 40, -3*k + 175 = 4*u. Let i = u - 41. Suppose -3*q - 4*o = -7, 0 = q - i*o - 3 - 12. Let h(w) = -w + 6. What is h(q)?
1
Let t(q) be the second derivative of q + 9*q**2 - 1/6*q**3 + 0 - 1/12*q**4 + 7/60*q**5. Let f(l) be the first derivative of t(l). Calculate f(-1).
8
Suppose 8*d + 154 = -230. Let a be (-6)/8 + (-516)/d + 0. Let r(i) = -i**3 + 10*i**2 + 2*i + 7. What is r(a)?
27
Suppose 23*a - 26*a = -9. Let p(f) = -4*f**2 - 9*f + 16. Let z(w) = 3*w**2 + 6*w - 11. Let s(b) = 5*p(b) + 7*z(b). What is s(a)?
3
Let i(d) = d**3 + 6*d**2 - 6*d + 15. Let t be i(-7). Let l(s) = -10*s - 8*s**2 + 0 + s**2 - 1 + 6*s**2 - t. What is l(-9)?
0
Let x(d) = d**2 - 13*d - 16. Let n be ((-14)/4)/(4/(-56)*1). Suppose 0 = -8*k + 63 + n. Determine x(k).
-2
Let s(l) = l + 1. Suppose -2*c = 3*z + 8 - 2, 2*z = 2*c - 14. Suppose -2*o + 4*n + 62 = 0, -4*o + c*n - 6 = -135. Let q = o - 40. What is s(q)?
-6
Let h(y) = 11*y + 14. Let i(p) = 4*p + 5. Let q(o) = 6*h(o) - 17*i(o). Suppose -46 = -14*r + 24. Calculate q(r).
-11
Let h(m) = -461 - 458 + 10*m**2 + 7*m + 18*m**2 + 931 - 10*m**2. Let z(f) = -18*f**2 - 6*f - 10. Let a(c) = 5*h(c) + 6*z(c). Determine a(-1).
-17
Let v(w) = -w**3 - 13*w**2 - 34*w - 32. Let g(l) = l**3 + 13*l**2 + 41*l + 33. Let t(z) = 5*g(z) + 6*v(z). Calculate t(-13).
-40
Suppose 5*o = 5*r - 20, 4*r - 9638 + 9625 = 3*o. Let g(p) = 16*p**2 + 11*p - 10. Calculate g(r).
17
Suppose 3*n - 44 = -2. Suppose -10*w - 105 = -15*w - 6*s, -5*w + 5*s + 105 = 0. Let k(g) = -w*g - 1 + 42*g - n*g. Determine k(2).
13
Let u(t) = -6*t**2 + 67*t - 65. Let k be u(1). Let w(q) be the first derivative of -q**4/4 - 4*q**3/3 - q**2/2 - 9*q + 1. Give w(k).
-5
Let w(q) = -3*q + 1. Suppose 0 = -j + 4*m + 9 + 5, -3*m - 45 = 5*j. Let d = -118 - -116. Let i be (d/(-1))/((-3)/j). Give w(i).
-11
Suppose -28 = 7*o, -5*o - 38 = 2*d - 0*d. Let a(u) = -2*u - 16. Determine a(d).
2
Let d(o) = 2*o + 3. Let m(h) be the first derivative of h**2/2 + 7*h - 155. Let t be m(-12). What is d(t)?
-7
Let d = 466 - 414. Let q be (-8)/d + (-178)/26. Let p(h) = -h + 7. Calculate p(q).
14
Let f(x) = -40*x + 3*x**2 - 106*x + 131*x + 8. Calculate f(4).
-4
Let k(o) be the first derivative of 3*o**2/2 - 2*o - 2. Suppose -84 = -3*y - 72. Suppose y*w - 18 = 5*a, -5*w = -a - 7 - 5. What is k(a)?
-8
Let b(q) = -8*q + 78. Suppose -40*k + 37*k - l + 31 = 0, 3*l - 3 = 0. Determine b(k).
-2
Let z(u) = u + 6. Suppose -a - 4*a + 17 = 3*n, -10 = -3*a - 2*n. Let o(q) = q + 7. Let y be o(-5). Suppose t = b, a*t + y*b = -b. What is z(t)?
6
Let n(f) = f**3 + 13*f**2 - 15*f - 22. Let i = -14794 - -14780. Calculate n(i).
-8
Let w be -1*3/1 - 5. Let v(d) = 3*d - 16. Let i(r) = 7*r**2 - 28*r - 7. Let x be i(4). Let f(k) = -2*k + 11. Let y(z) = x*f(z) - 5*v(z). Calculate y(w).
11
Let i = 64 - 56. Let p(s) = -s**3 - 11 - 8 + 20 + i*s**2. Determine p(8).
1
Let z(d) = -d**2 + 6*d + 254. Let y be z(-13). Let s(a) = a**3 - 7*a**2 - 6*a + 4. Give s(y).
-38
Let j(g) be the second derivative of g**5/20 - g**4/12 - 2*g**2 + 30*g + 15. Let r(l) = -l**3 - 5*l**2 - l - 5. Let h be r(-5). Determine j(h).
-4
Let a(d) = 65*d**3 - 4 + 697*d**2 + 69*d**3 + 3 + 65*d**3 - 197*d**3 - 695*d**2. Let c(k) = k - 2. Let l be c(1). Give a(l).
-1
Let g(r) = 180*r**2. Let f be g(-1). Let n(i) = -i + f + 0*i + 0*i + i**2 - 187. Give n(5).
13
Suppose 31*b - 30*b = 386. Suppose b*a - 394*a = 40. Let x(g) = -g**3 - 5*g**2 - 2*g - 7. Give x(a).
3
Let l(c) be the first derivative of -4*c - 1/3*c**3 - 33 + 2*c**2. Let i = 32 + -29. Determine l(i).
-1
Let r(w) = -2*w**2 - 9*w - 28. Let n be r(-3). Let u(k) = -5*k**2 - 23*k + 5. Let a(y) = 14*y**2 + 68*y - 15. Let h(x) = 4*a(x) + 11*u(x). Give h(n).
-5
Let c(f) = f**2 + 2*f + 3. Suppose 0 = 3*y - 942 + 906. Suppose 18 = -4*i - 5*g, 7*i - 4*i + y = -3*g. Calculate c(i).
3
Let d(p) = 163*p**3 + 18*p**2 - 8*p - 8. Let k(c) = 122*c**3 + 17*c**2 - 8*c - 7. Let m(f) = -3*d(f) + 4*k(f). Calculate m(14).
-116
Let h(d) be the third derivative of d**4/24 - 10*d**3/3 + 709*d**2 - 2. What is h(25)?
5
Let k(y) = -2 + 2 + 3*y - 2. Let m be (-1452)/(-120) + 3/(-30). Suppose 18 = 6*f - m*f. Determine k(f).
-11
Suppose -n - 5*r - 11 = 0, 57*n = 53*n - 4*r + 36. Let s(u) = -u**2 + 26*u - 161. Give s(n).
7
Let a(w) be the second derivative of w**4/4 - 5*w**3/3 + w**2 - 2491*w. Calculate a(4).
10
Let b(n) = -3*n + 4. Suppose 3*j - 3*v + 939 = 0, -5*j - 1545 = 5*v - 6*v. Let a = j - -302. Calculate b(a).
22
Let n(z) = -8*z + 66*z**3 + 56*z**3 + 68*z**3 - 9*z**2 - 11 - 191*z**3. Let v(b) = -8*b**2 - b - 1. Let d be v(-1). Determine n(d).
-11
Let p(n) = 6*n - 5. Let y be (-1)/((-2)/(-13) - 14/(-78)). Let k(j) be the third derivative of -j**4/24 - 2*j**2. Let l(t) = y*k(t) - p(t). What is l(4)?
-7
Let w(u) = -5 + 4 - 7*u**3 + 18*u**3 + 319594*u**2 - 319592*u**2. Let y(h) = -2*h**3 + h. Let j be y(-1). Calculate w(j).
12
Suppose -19*u - 17*u + 221 + 319 = 0. Let i(b) = -b**2 + 23*b - 123. Give i(u).
-3
Let j(d) be the third derivative of -17*d**6/360 - d**5/60 + d**4/12 + 7*d**3 - 2*d**2 + 24*d. Let v(i) be the first derivative of j(i). Give v(1).
-17
Let i be -10*18/45 - -5. Let x(t) = 37*t**2 + 2*t - 1. What is x(i)?
38
Let n(s) = -42*s + 192. Let k(j) = -6*j + 28. Let c = -874 - -847. Let i(b) = c*k(b) + 4*n(b). Calculate i(9).
-42
Let d = 359 + -352. Let s(v) = 1 - 3 - v**3 - 9*v + 13*v**2 + 5*v - d*v**2. Suppose 2*z + 1 = -1, 2*z - 3 = -t. Give s(t).
3
Let y = -16 + 18. Let r(x) = -4*x**2 + 4*x**y + 0*x**3 - 10*x**3. Suppose 23 = -6*m + 17. Calculate r(m).
10
Let u(y) = -y. Let g(i) = -i**3 - i**2 + 8*i - 7. Let k be g(-4). Suppose 0 = 3*h + k, h - 3 = q - 3*q. Suppose -25 = -5*n, 17 = 2*w - q*n + 42. Calculate u(w).
5
Let q(d) = d - 8. Suppose -105 = -4*l - 1. Suppose 0 = 7*n - 2 - 222. Let g = n - l. Determine q(g).
-2
Let d(o) = -8*o. Suppose p - 4*h + 15 = 0, -2*p - 2*p - 5*h = -24. Let r be (-1*1/((-4)/(-4)))/p. What is d(r)?
8
Let n(c) be the first derivative of 4/3*c**3 + 37 + 5/2*c**2 + 4*c - 1/4*c**4. Let h = 12 - 7. Give n(h).
4
Let d(p) = 6*p - 31. Let t(o) be the second derivative of -o**3/6 + o**2/2 - o - 17. Let n(w) = -d(w) - 4*t(w). Calculate n(15).
-3
Suppose -378*j + 407*j + 232 = 0. Let a(r) = 9*r + 60. What is a(j)?
-12
Let v(y) = 4*y**2 + y + 6. Let j = 345 + -350. Let t(l) = -l**2 + l + 1. Let k(h) = j*t(h) - v(h). Suppose -4*q = 3*z - 35 - 9, -5*z = -2*q - 4. What is k(q)?
5
Let i(a) be the first derivative of -a**3/3 + 54*a + 1213. Determine i(0).
54
Let y(d) = -d**3 - 22*d**2 + 45*d - 49. Let j(v) = 2*v**3 + 22*v**2 - 46*v + 50. Let k(o) = 2*j(o) + 3*y(o). Let l be k(20). Let m(x) = -x + 6. Determine m(l).
-7
Let z = 9 + -15. Suppose -108 = -26*d - 30. Let r(v) = -121 + d*v + 128 - v. Determine r(z).
-5
Let s(c) = 2*c - 3. Let a(i) = -i**3 - 529 - 5*i**2 + 40*i + 534 - 13*i**2. Let n be a(-20). Determine s(n).
7
Let s be (-2)/8 - 282/(-8). Let u = s - 34. Let t(h) = -7*h**2 + h + 1. Let z(n) = -n**2 + n. Let v(x) = -t(x) + 2*z(x). Calculate v(u).
5
Let k(o) = -o**3 - 24*o**2 - 32*o + 40. Let g(c) = -c**3 - 26*c**2 - 32*c + 40. Let x(z) = 5*g(z) - 4*k(z). Let w be x(-33). Let f(q) = -3*q + 17. What is f(w)?
-4
Let p(h) = -1768*h - 15924. Let l be p(-9). Let u(b) = 11*b**2 + 38*b - 44. Let t(z) = -7*z**2 - 25*z + 29. Let q(o) = -8*t(o) - 5*u(o). Determine q(l).
12
Let y = 159 - 158. Let m(n) be the first derivative of 3*n**2/2 - n + 1. Determine m(y).
2
Suppose -4*f - i + 6 = 2*i, 5*f - 4*i = -8. Let c(z) = 32 - 31 + 0*z**3 - 4*z**3 + f*z**2 - z**2. Give c(-1).
4
Let m(r) be the third derivative of 1/24*r**4 + 1/2*r**3 - 2 + 0*r + 8*r**2. Give m(2).
5
Let n = -124 + 128. Suppose -n*y + y + 3*j = -33, 5*j = y + 1. Let q(v) = 0 + 7